12) + ((-105252)/9)/(-7). Let i = 2895 - m. Calculate the highest common factor of i and 49.
49
Suppose -20 = 8*m - 4*m, 3*t = 4*m + 164. Suppose 3*h - 4*h - 5*s = -105, s = 5*h - 603. What is the highest common divisor of t and h?
24
Suppose -5*k - 8*k + 5508 = -k. Suppose j - 18 = -1. What is the greatest common factor of k and j?
17
Let r(w) = 2*w + 48. Let h(a) = 7*a + 143. Let b(z) = -4*h(z) + 11*r(z). Let c be b(-8). What is the highest common divisor of 148 and c?
4
Let o = 36 + 24. Let f = -36 + o. Let v = f - 8. What is the highest common divisor of 4 and v?
4
Let p(a) = a**3 - 9*a**2 - 18*a - 42. Let o be (-39)/(1/(0 - -1)*-3). Let z be p(o). Calculate the highest common factor of 150 and z.
50
Suppose -4*f - 18 = -3*a + 27, 4*f = 5*a - 67. Suppose -12*z + 5*r = -a*z - 85, 0 = -4*z - 5*r + 265. What is the greatest common factor of 196 and z?
14
Suppose 2*v - 8 = -2*w, -w + 2*w - 16 = -4*v. Suppose 0 = -2*f - w + 6, 0 = -k - 3*f + 12. Let d = -1644 - -1646. What is the greatest common factor of d and k?
1
Suppose 2*b = 4*r + 44, 0 = 4*b - 218*r + 223*r - 140. Calculate the highest common factor of b and 210.
30
Let n = 9804 + -8283. What is the greatest common divisor of 27 and n?
9
Let u = -25 - -9. Let l be 1080/21 - u/28. Calculate the highest common factor of 182 and l.
26
Let o be (-145 - -122) + 120/5. Let d(h) = h - 7. Let u be d(8). What is the highest common factor of u and o?
1
Let c = 150 - -32. Let s = 1532 + -816. Suppose -714*b - 28 = -s*b. Calculate the greatest common divisor of b and c.
14
Let a(t) = 205*t**2 + 2*t + 53. Let r be a(-4). What is the greatest common divisor of 350 and r?
175
Suppose 2*a + 2*i = 256, -283 = -4*a + 2*i + 199. Suppose -5 = -4*z - 1, 0 = -x - 2*z + 23. Let r = a - x. Calculate the highest common divisor of 17 and r.
17
Suppose 83*p = 66*p + 425. Suppose p*j = -16*j + 15498. Calculate the greatest common divisor of 84 and j.
42
Let i = 167 + -48. Let s = -2383 - -2434. Calculate the highest common divisor of i and s.
17
Let g be ((-8)/3 - 6/9)*248292/(-72). What is the highest common factor of 76 and g?
19
Suppose i = 3, -135*s - 3*i - 23 = -137*s. Calculate the greatest common divisor of s and 324.
4
Let r(d) = -1113*d + 1 + 57 + 1110*d. Let n = 27 - 13. Let i be r(n). What is the highest common divisor of 144 and i?
16
Let p(c) = 261*c - 11. Let o be p(11). Suppose -9*y - o = -13*y. Suppose 2*u = 7*u - y. Calculate the highest common divisor of 13 and u.
13
Let n be 3/(-1) + (-9)/(-3). Suppose n = -4*p + 8*p. Suppose p*b + 3 = b - 3*y, b - 2 = 4*y. What is the highest common divisor of 66 and b?
6
Let h(y) = 2*y. Let k be 1/(33/72) - 6/33. Let r be h(k). Let t be ((-40)/(-15))/(r/78). What is the highest common factor of t and 4?
4
Let o(r) = 245*r**2 + 9*r + 31. Let c be o(-2). What is the greatest common factor of c and 6?
3
Let g be 36 - (0 - 0)/(-1). Let i(z) = z**2 + 127*z + 35. Let m be i(0). Suppose 5*v - m*v = -270. Calculate the greatest common factor of v and g.
9
Let d(x) = x**3 - 14*x**2 - 3*x + 34. Let w be d(14). Let n be (-1)/(1 + 6*w/42). Suppose 0 = 4*m + n*m - 66. Calculate the highest common divisor of 24 and m.
6
Suppose 43 = 3*y - 3*c + 4*c, 47 = 2*y - 3*c. What is the highest common factor of y and 1424?
16
Let i be (-63)/(-14)*4/(-3) + (89 - -7). Suppose 3*a - 43 = t, 0 = 4*t - 2*a + 81 + 111. Let g = t - -85. Calculate the greatest common divisor of i and g.
18
Suppose 2*u - 67969 = -8*c + 13*c, -169897 = -5*u - 13*c. What is the greatest common divisor of u and 26?
26
Let r(n) = n**3 + 8*n**2 + n + 4. Let c be r(-6). Suppose -127*k - 15*k - 9*k = -4228. Calculate the highest common divisor of c and k.
14
Suppose 0 = 4*n - 3*g - 163, -5*n + 178 + 19 = 3*g. Suppose 15*k = 121 + 14. Suppose -25*q - k*q = -272. What is the highest common divisor of q and n?
8
Let p be -7 + 1 + (-19)/(171/(-36)). Let r(q) = -36*q - 65. Let b be r(p). What is the greatest common factor of 7 and b?
7
Let r(g) = 32*g + 66. Let l be r(-2). Suppose 0 = 4*k - 5*z - 450, 552 = 5*k + z - l*z. What is the greatest common divisor of k and 44?
22
Let y(m) = -m**3 + 114*m**2 + 284*m - 731. Let u be y(116). Calculate the highest common factor of u and 62.
31
Let l(y) be the first derivative of -y**4/4 + 5*y**3 + 13*y**2 - 13*y + 28. Let n be l(16). Calculate the greatest common factor of n and 21.
21
Let q(u) = 39*u**2 - 91*u + 1. Let i be q(-8). What is the greatest common divisor of 258 and i?
129
Let r be ((-3)/((-12)/(-16)))/(-4). Let a be 5*r/5*128. What is the highest common factor of a and 8?
8
Suppose 220 = t + 9*m - 4*m, -5*m = -5. Let y be (-2)/(t/45 - 5). Suppose g + 0*g = 1, g = z - 62. What is the greatest common factor of z and y?
9
Suppose -3756 = 110*g - 101986. What is the greatest common factor of g and 114?
19
Let f(k) be the second derivative of -k**3/6 - 6*k**2 - 20*k. Let n be f(-14). Let z be ((-35)/5)/(n - 19/9). Calculate the highest common factor of z and 9.
9
Let p be 12/6*(-99)/(-2). What is the highest common factor of p and 2783?
11
Let j(p) = 15*p**2 - p + 1. Let h be j(1). Let i(v) = -2*v + 46. Let k be i(h). Let o be (-8 + 20)/(6/k). What is the highest common factor of o and 112?
16
Suppose -919 = 44*o - 8895 - 604. What is the highest common factor of o and 429?
39
Suppose 213 - 208 = -i. Let d be (-1)/i - (-1)/((-20)/(-296)). Suppose 0*s + 2*s = -5*l + 40, -5*l = 4*s - 60. What is the highest common factor of s and d?
5
Suppose k = -2*y + 1, 3*k - 1 + 6 = -2*y. Suppose 20*c + 3*l + 182 = 22*c, -y*c + 2*l = -178. What is the greatest common divisor of c and 34?
17
Let n be (-3)/2*(-3 - -9). Let f(c) = -74*c + 10. Let y be f(0). Let t be (2 - -119)*(n + y). What is the greatest common factor of t and 11?
11
Let j(i) = -i + 25. Let s be j(7). Suppose -10*h = -s*h + 448. What is the highest common divisor of h and 24?
8
Let a(z) = 6*z - 7. Let u be a(12). Let g(x) = 3*x**3 - x**2 - 4*x + 1. Let v be g(2). What is the highest common factor of u and v?
13
Suppose 2*w + 3*w - 110 = 0. Suppose -4*n = -22 - 6. Let g = n + 15. What is the greatest common divisor of w and g?
22
Suppose -229*q + 95 = -209*q - 85. Calculate the greatest common factor of q and 1404.
9
Suppose 3*k = -2*p + 161799 - 29391, -p - 44136 = -k. Calculate the highest common factor of k and 72.
72
Suppose -575*p + 210 = -582*p. Let n be ((-7)/5 - 1)/(4/p). Let t = 263 - 173. Calculate the highest common factor of n and t.
18
Let r = 74 + -30. Let k(f) = f**3 - 13*f**2 + 13*f + 6. Let d be k(12). Let y = r - d. What is the greatest common factor of y and 78?
26
Suppose -326*y = -337*y + 3531. Calculate the greatest common divisor of 3 and y.
3
Let l(b) = 10 + 9*b - 3 + 5 - 6 + 57*b**2 + 3. Let v be l(-4). Calculate the greatest common divisor of v and 15.
15
Let a(h) = 9*h**3 + 6*h**2 + 49*h - 320. Let c be a(7). Calculate the greatest common factor of 23 and c.
23
Let c(t) = t + 8. Let m be (-4)/14 + (-74)/(-14). Suppose 3*v + 16 = -m. Let g be c(v). Calculate the highest common factor of g and 8.
1
Let i be (-4)/(-3)*15/10. Suppose -i*a + 720 = 7*a. Suppose 0 = v + v - a. What is the highest common divisor of 100 and v?
20
Suppose 60*z - 59*z = 5*x + 47, 4*z + 3*x - 165 = 0. Let k = 316 + -148. What is the highest common factor of z and k?
42
Let s = 248 - 243. Suppose -73 - 25 = -3*x - s*d, 0 = d - 1. Calculate the greatest common divisor of x and 279.
31
Suppose 25*o + 2142 = 7*o. Let u = o - -213. Calculate the greatest common factor of u and 235.
47
Let h(d) = d**3 - 2*d**2 - 14*d + 40. Let c = 810 + -806. Let g be h(c). Calculate the highest common divisor of 36 and g.
4
Suppose -314*i + 331*i = 24735. What is the highest common divisor of 194 and i?
97
Suppose 405 - 435 = -2*b - 3*r, 0 = -b + 5*r + 54. What is the highest common factor of b and 824?
8
Let n be 3*9*(-50)/(-6). Let r = -17186 - -17311. Calculate the highest common factor of n and r.
25
Let q be 3*2 + ((-36)/(-60) - 2835/(-25)). What is the highest common divisor of 96 and q?
24
Let a be (35/(-14))/(3/(-6)) - (-2 - 73). What is the greatest common factor of 368 and a?
16
Suppose 9 = -z + 22. Let o(h) = -3 + z - h**2 - 17*h + 0 + 17. Let i be o(-15). Calculate the highest common factor of i and 627.
57
Suppose 0 = 3*j - 2*p - 1